
3
6 - (-3 + (0 - -10) - -6)
-7
What is the value of -1 + 1 + (-4 + 3 - 2)?
-3
-89 + 81 + (1 - -13)
6
Evaluate 0 - (-9 - -4 - 0).
5
What is 9 + (1 - 6) + -4 + 2?
2
Calculate -7 + (-3 - -8) + -4 + 1.
-5
What is the value of (-5 - -1 - -3) + (5 - 3)?
1
Evaluate 12 + -10 + 0 + -5 + -1.
-4
(12 - 10) + (2 - 1)
3
Evaluate -3 + 1 + 2 + -2 - 2.
-4
What is the value of -5 + (1 - 3) + 5?
-2
What is the value of 17 + -18 + (5 - 1)?
3
What is the value of (10 - 2) + -3 + (-3 - -2)?
4
Calculate (-2 - -1 - 0) + 7 + -8.
-2
Calculate 17 + -14 - (2 - (1 + 0)).
2
Calculate 13 - 22 - (-2 + -2).
-5
What is (4 - -2 - 0) + -7 + -2?
-3
What is (9 - 8) + 2 + -10?
-7
What is the value of -15 + 6 + 12 + 2?
5
3 - (6 - (-2 - -5))
0
Evaluate (-4 - (-2 - 0)) + 4.
2
5 - 3 - (4 + -2)
0
7 - (-2 - -4) - 8
-3
What is the value of (3 - 0) + (6 - 8)?
1
What is the value of 4 + (3 + -3 - (2 - 2))?
4
Evaluate (0 + 10 - -6 - 6) + -5.
5
What is the value of (0 - -1) + 0 + (-7 - -1)?
-5
-6 + 2 - (14 + -11)
-7
What is the value of -2 - ((13 - 1) + -10)?
-4
What is the value of (-7 - -1) + -8 + 23 + -4?
5
Evaluate (54 - 55) + (-4 - -1).
-4
Evaluate (-21 - -21) + (-1 - 1).
-2
What is the value of (-2 - -8) + (-3 - -1)?
4
What is the value of (-2 - -4) + 2 + -18 + 13?
-1
Evaluate (12 - 9 - (-2 + 6)) + 2.
1
Calculate -9 + 5 + -2 + 12.
6
Calculate (-3 - (8 - -8) - -8) + 5.
-6
Calculate 0 - (5 - 12) - 8.
-1
Calculate 7 - (6 - -1) - (1 - -4).
-5
What is the value of (1 - (-3 + 2)) + (-7 - -6)?
1
What is the value of -5 + (9 - -6 - 6)?
4
What is the value of 1 + 5 + 0 + -2 - 5?
-1
What is -6 - -5 - 2 - -6?
3
Calculate 22 - 25 - -2 - (-1 + 4).
-4
Calculate (16 - 9) + -7 + (0 - 2).
-2
What is (-5 + 4 - -1) + -7 + 6?
-1
What is 1 - ((9 - 9) + -8)?
9
Evaluate -3 + 0 + (3 + -2 - -2).
0
-12 - (-10 + 2 + 0)
-4
Evaluate -9 + 0 + 0 + 3.
-6
Evaluate -1 + -2 + -4 + 2 + 10.
5
What is 7 + -4 + 1 - 6?
-2
What is the value of (3 - (7 + -4)) + 1?
1
Evaluate (-1 - (-2 - -2)) + 6.
5
Evaluate -12 - (-1 - 5) - -4.
-2
What is -2 + (2 + -1 - 1) - 0?
-2
Evaluate -10 + 8 - -3 - (-4 + -1).
6
12 - (-7 + 13) - (-1 + 1)
6
-4 - (-7 - (-12 + 8))
-1
Evaluate -6 + (-5 - -5 - -3).
-3
What is the value of 3 + -5 + -1 + 5 - -1?
3
What is the value of -9 - (1 - (8 + 2))?
0
Calculate -2 + 3 + -7 + 10 + 6.
10
What is the value of 14 - (7 - (-1 - (5 - 7)))?
8
13 + -15 + (-3 - 1) + -1
-7
Calculate 3 + -3 + 3 - 0.
3
Calculate -4 - (-8 - (1 + -5)).
0
What is the value of 6 + (-7 - (4 - 8))?
3
99 + -99 + (-5 - 1)
-6
What is the value of (58 - 61) + 1 + 0 + 2?
0
Calculate 1 - (-4 + 1) - 4.
0
What is 5 - (-5 + -1 + 8 + 8)?
-5
0 + -7 + (-29 - -33)
-3
-17 + -3 + (24 - 9)
-5
What is 0 + (2 - (2 - -2)) + 4?
2
What is (2 - 7) + (6 - 3)?
-2
15 - (-10 - (-29 - -8))
4
What is (-17 - -13) + (3 - -1)?
0
Evaluate 1 - -4 - -1 - (6 + -1).
1
(-3 - 2) + 7 + -6
-4
Calculate (5 - -2) + -7 - (-2 + 0).
2
What is the value of 1 + (2 - 7) + 5 - -4?
5
What is -4 - (-2 - -2 - -1)?
-5
What is (2 - -1 - -1) + 2 + -3?
3
Calculate 0 + -2 + 2 + -4 + -1.
-5
Calculate (-9 - -9) + (0 - 2 - 0).
-2
2 + (4 - 1) + -10
-5
12 - (7 - 6 - -4)
7
Calculate 3 + -2 - (-9 + (0 - -5)).
5
2 - 2 - (8 + -1 + -7)
0
What is -10 + (10 - 6 - -6)?
0
Evaluate -1 - 1 - (-43 + 41).
0
What is the value of 6 - (11 + 5 + -17)?
7
Evaluate (3 + -2 - 0) + 1.
2
Calculate -3 + (4 - (-1 - -3 - -4)).
-5
What is -5 + 0 + -3 + 3 + 1?
-4
Evaluate -8 + (-6 - -6) - -5 - -1.
-2
Evaluate -7 + (15 - -2) - 13.
-3
Calculate (-3 + 3 - 5) + 3 + 6.
4
What is 0 + 5 + 17 + -17 + -5?
0
What is the value of -32 - -31 - (0 - -1 - 0)?
-2
What is -4 + (-9 - 0 - (3 + -9))?
-7
Evaluate -3 - (-10 - (0 - 2)).
5
Calculate 8 - (-1 - 4) - 8.
5
20 + -18 - (-6 - -7)
1
4 - 2 - (-19 - -15)
6
(-8 - 3) + 11 + -2 + -2
-4
What is -36 + 45 + 2 + -8?
3
What is the value of -9 + 3 + -3 - -1?
-8
Evaluate 6 - (-8 + 6) - 9.
-1
What is the value of (-6 - (-8 + 9)) + 9?
2
Evaluate 95 + -92 + 1 + -5.
-1
-5 + 11 + -1 + 2
7
Calculate (-11 - (-8 + -2)) + 10.
9
What is 5 - (-2 - (4 + -6))?
5
Evaluate -3 - (6 + -18) - (1 + 5).
3
(0 - 0) + -10 + -10 + 26
6
What is the value of 2 - (3 + (-4 - 0))?
3
Calculate 2 + -1 + -4 + (-4 - -4).
-3
-1 + -12 + (-89 - -96)
-6
What is the value of (-1 - -3 - 1) + -2?
-1
3 + -10 + 8 - (8 + -14)
7
What is the value of -46 - -46 - (-5 - (1 - 2))?
4
Evaluate 2 + (3 - (-4 + 4)).
5
6 + -9 + -7 - (7 + -8)
-9
What is the value of -5 - (-15 + 2 + 4 + 3)?
1
What is -1 - (9 - 11) - 7?
-6
Calculate 2 + 0 + (-2 - (2 - 7)).
5
What is -1 - (9 - (3 + 5))?
-2
Calculate -4 - (-5 + 4 + 1).
-4
What is -5 - (-1 + (1 - -1) - 1)?
-5
Evaluate (0 - -2) + (6 - 12).
-4
Calculate -8 + 5 + -1 + 1 + 8.
5
7 + (5 - (6 + 2))
4
Calculate (-1 - (-10 + 13)) + 0 + 1.
-3
Calculate -14 + 6 - (1 - 15).
6
What is 13 + 22 + -39 + (0 - -5)?
1
What is (3 - (3 - 1)) + -4 + 6?
3
Evaluate (6 - 4) + -4 + -1.
-3
Calculate -1 + 0 - (6 + -1 - 5).
-1
What is -3 + 2 + (-2 - -1) + -5?
-7
Evaluate 0 + 3 + 3 + -10 + 5.
1
Evaluate (3 + -1 - 6) + 7 + 0.
3
Calculate 4 + -7 + 0 + 4 + 1.
2
What is the value of (7 - -3) + -3 - (8 - 4)?
3
Evaluate 8 + 1 - (18 + -4).
-5
What is the value of (0 - -1) + -6 + -130 + 141?
6
0 + 0 - (-1 - -2)
-1
Calculate 1 - (-1 + 6 + -5 + 2).
-1
What is the value of (9 - (-8 - -16)) + (11 - 4)?
8
(5 + -4 - 5) + 23 + -21
-2
Evaluate -6 + 2 - (-1 - (-2 - -2)).
-3
Calculate 8 - 0 - (1 - 1) - 0.
8
What is the value of -13 + (3 - (7 - 15))?
-2
What is the value of (-5 - (-6 + (2 - 2))) + -1?
0
(-2 - (0 + -1)) + 4 + -5
-2
What is (0 - 8 - -4) + -3 + 10?
3
What is (-2 + 0 - 0) + -45 + 47?
0
Calculate (-8 + 7 - (-5 + 11)) + 8.
1
Evaluate 13 + -14 + (-9 - -14).
4
Evaluate 11 - (8 + 10 + -7).
0
What is 5 + (-4 - (-5 + 0))?
6
Evaluate 2 + -2 + 1 + -1.
0
Calculate (0 - 6) + (8 - 6).
-4
What is 0 - (2 - 0 - 3)?
1
What is 0 + (1 - 5) - (-196 + 199)?
-7
What is 1 - ((-4 - 0) + -16 + 20)?
1
What is the value of -1 - 3 - (2 + -4 - 4)?
2
Evaluate -3 + (-5 + -6 - -10).
-4
5 + -4 + -1 + 3
3
What is the value of (2 - 1) + 13 + -7 + 1?
8
Evaluate 1 - -4 - 5 - (-8 + 3).
5
Calculate (3 + -2 - -5 - 1) + 0.
5
What is the value of 2 + 1 + -1 + 2?
4
What is the value of -13 - (-18 - (-11 + 9))?
3
-2 - (0 + 1) - (9 - 12)
0
What is the value of 2 + (9 - 0) + -6 + 1?
6
-4 - ((-5 - (-5 - 0)) + 1)
-5
Evaluate 1 - (9 + 0) - -10.
2
Calculate 3 + (4 - (7 - 1)).
1
What is the value of -11 + 5 - -6 - 3?
-3
Evaluate -9 + (9 - 8 - 0).
-8
(-10 - (-3 - 4)) + 2
-1
What is the value of (0 - (14 + -8)) + -3?
-9
What is (6 - 2) + -2 + -5 + -1?
-4
Calculate (-3 - -5) + (5 - 1).
6
-14 + 3 + -2 + 5
-8
Evaluate (-1 - -3) + -1 - (-1 - -4).
-2
9 + (-14 + 4 - 1)
-2
What is (3 - 4 - (2 - 1)) + -3?
-5
What is the value of 158 + -152 - (-3 + 2 + 6)?
1
What is -1 + 8 + (0 - (-5 - -5))?
7
Evaluate -6 + -1 + 1 + 5.
-1
What is the value of 3 - (-5 + 6 + 1 + 2)?
-1
4 + -7 + (0 - -7)
4
What is 9 + (7 - 4) + -7?
5
1 + (1 - 4) + 5
3
What is 5 + (-4 - 4 - -4)?
1
Evaluate (-1 - -1) + -4 + -10 + 8.
-6
Evaluate 8 + (3 - 8) - (-2 - -2).
3
Evaluate 19 + (-8 - -2) - (6 + 0).
7
-4 - (0 - (-5 + 1) - 7)
-1
Evaluate (-1 + 4 - 1) + (-27 - -28).
3
1 + 7 - (6 - (-8 + 16))
10
Calculate 0 - (1 + (6 - 3)) - -5.
1
What is the value of 1 - 16 - ((-10 - 2) + 5)?
-8
13 + -4 + -3 + 10 + -9
7
15 + -13 + (-1 - (1 + -2))
2
Evaluate (4 - 5) + -2 + 1 + -1.
-3
Calculate -3 - -5 - 3 - (3 - 6).
2
What is the value of -6 - 0 - (75 + -75)?
-6
2 + -1 + 2 - (-10 + 6)
7
What is the value of 14 + (1 + -3 + -6 - 0)?
6
-2 + 1 - -4 - (29 - 23)
-3
-1 + -3 - (-73 - -78)
-9
Calculate -29 + 31 - (0 - -4).
-2
What is (1 - 1) + (-1 - -6)?
5
What is 1 - 2 - (-11 + (6 - -6))?
-2
What is the value of 0 - (6 - (4 - 2) - 6)?
2
What is the value of (-5 + -2 - (-9 - 2)) + -8?
-4
What is the value of (8 - ((7 - 5) + 2)) + -7?
-3
-15 + 9 + 4 + -4
-6
(2 - 0 - 1) + -2
-1
Evaluate 16 + (-3 - (-15 + 18)).
10
(0 - -1) + (-4 - (-6 + 4))
-1
Calculate -3 - (-1 - 1) - (30 + -28).
-3
What is the value of -8 + 4 - -7 - 5?
-2
Calculate 5 - (1 - 3 - -6).
1
What is -2 + 0 - (-10 - -5 - -2)?
1
Calculate 2 + -1 - ((-4 - -4) + 2).
-1
Evaluate 1 + 1 + 1 - (-6 + 9).
0
6 + -2 + 1 + (-6 - 2)
-3
(-2 - 2) + -1 + 8 + -6
-3
Evaluate (-9 - -10) + 1 + 4.
6
What is the value of -2 + 3 + -3 + -2?
-4
Evaluate -2 - 2 - (-1 - 1).
-2
Calculate (6 - -6) + (-4 - (3 - 2)).
7
What is 10 + -10 + 4